{"id":1000040,"date":"2025-09-15T14:13:25","date_gmt":"2025-09-15T14:13:25","guid":{"rendered":"https:\/\/mishkabutik.ma\/?post_type=product&#038;p=1000040"},"modified":"2025-09-15T16:14:30","modified_gmt":"2025-09-15T16:14:30","slug":"cardigan-elegant-en-maille-avec-details-rouges-et-noirs","status":"publish","type":"product","link":"https:\/\/mishkabutik.ma\/?product=cardigan-elegant-en-maille-avec-details-rouges-et-noirs","title":{"rendered":"Cardigan \u00c9l\u00e9gant en Maille avec D\u00e9tails Rouges et Noirs"},"content":{"rendered":"<div id=\"shopify-section-template--18782353064111__product-details-tabs\" class=\"shopify-section\">\n<div class=\"container m-section-py\">\n<div class=\"m-tabs m-scroll-trigger animate--fade-in-up\">\n<div class=\"m-tabs__content m-product-collapsible\">\n<div class=\"m-tab-content--description m-tab-content active\" data-block-type=\"description\">\n<div class=\"m-tab-content__inner\">\n<div class=\"rte\">\n<p><span style=\"color: #000000;\">\u00c9l\u00e9gance et confort sont r\u00e9unis dans ce cardigan en maille cr\u00e8me ultra-tendance. Orn\u00e9 de boutons dor\u00e9s et de d\u00e9tails bicolores rouges et noirs, il apporte une touche de sophistication \u00e0 votre garde-robe.<\/span><\/p>\n<p><span style=\"color: #000000;\">Sa maille douce et agr\u00e9able en fait le compagnon id\u00e9al pour toutes les occasions. Son style chic et d\u00e9contract\u00e9 se marie parfaitement avec un jean pour un look de jour, ou avec une jupe pour une soir\u00e9e raffin\u00e9e.<\/span><\/p>\n<p><span style=\"color: #000000;\">D\u00e9tails du produit :<\/span><\/p>\n<p><span style=\"color: #000000;\">Marque : Nishkabutik.ma<\/span><\/p>\n<p><span style=\"color: #000000;\">Mati\u00e8re : Maille douce<\/span><\/p>\n<p><span style=\"color: #000000;\">Couleur : Cr\u00e8me avec d\u00e9tails rouges et noirs<\/span><\/p>\n<p><span style=\"color: #000000;\">Coupe : Cardigan \u00e0 manches longues<\/span><\/p>\n<p><span style=\"color: #000000;\">D\u00e9tails : Boutons dor\u00e9s \u00e9l\u00e9gants, d\u00e9tails contrast\u00e9s sur les manches et les poches<\/span><\/p>\n<p><span style=\"color: #000000;\">Style : Chic et d\u00e9contract\u00e9<\/span><\/p>\n<\/div>\n<\/div>\n<\/div>\n<\/div>\n<\/div>\n<\/div>\n<\/div>\n<div id=\"shopify-section-template--18782353064111__scrolling_promotion_MVNN6Q\" class=\"shopify-section\">\n<section id=\"m-section--template--18782353064111__scrolling_promotion_MVNN6Q\" class=\"m-section m-scrolling-promotion-section m-gradient m-color-default\" data-section-type=\"scrolling-promotion\" data-section-id=\"template--18782353064111__scrolling_promotion_MVNN6Q\">\n<div class=\"container-full m-section-py\">\n<div class=\"m-promotion m-promotion--animated\">\n<div class=\"m-promotion__item\"><\/div>\n<\/div>\n<\/div>\n<\/section>\n<\/div>\n","protected":false},"excerpt":{"rendered":"<p>\u00c9l\u00e9gance et confort sont r\u00e9unis dans ce cardigan en maille cr\u00e8me ultra-tendance. Orn\u00e9 de boutons dor\u00e9s et de d\u00e9tails bicolores rouges et noirs, il apporte une touche de sophistication \u00e0 votre garde-robe. Sa maille douce et agr\u00e9able en fait le compagnon id\u00e9al pour toutes les occasions. Son style chic et d\u00e9contract\u00e9 se marie parfaitement avec [&hellip;]<\/p>\n","protected":false},"featured_media":1000044,"comment_status":"open","ping_status":"closed","template":"","meta":[],"product_brand":[],"product_cat":[28,41,48,50],"product_tag":[],"class_list":{"0":"post-1000040","1":"product","2":"type-product","3":"status-publish","4":"has-post-thumbnail","6":"product_cat-uncategorized","7":"product_cat-activewear","8":"product_cat-blazers","9":"product_cat-coats","11":"first","12":"instock","13":"sale","14":"shipping-taxable","15":"purchasable","16":"product-type-variable"},"_links":{"self":[{"href":"https:\/\/mishkabutik.ma\/index.php?rest_route=\/wp\/v2\/product\/1000040","targetHints":{"allow":["GET"]}}],"collection":[{"href":"https:\/\/mishkabutik.ma\/index.php?rest_route=\/wp\/v2\/product"}],"about":[{"href":"https:\/\/mishkabutik.ma\/index.php?rest_route=\/wp\/v2\/types\/product"}],"replies":[{"embeddable":true,"href":"https:\/\/mishkabutik.ma\/index.php?rest_route=%2Fwp%2Fv2%2Fcomments&post=1000040"}],"wp:featuredmedia":[{"embeddable":true,"href":"https:\/\/mishkabutik.ma\/index.php?rest_route=\/wp\/v2\/media\/1000044"}],"wp:attachment":[{"href":"https:\/\/mishkabutik.ma\/index.php?rest_route=%2Fwp%2Fv2%2Fmedia&parent=1000040"}],"wp:term":[{"taxonomy":"product_brand","embeddable":true,"href":"https:\/\/mishkabutik.ma\/index.php?rest_route=%2Fwp%2Fv2%2Fproduct_brand&post=1000040"},{"taxonomy":"product_cat","embeddable":true,"href":"https:\/\/mishkabutik.ma\/index.php?rest_route=%2Fwp%2Fv2%2Fproduct_cat&post=1000040"},{"taxonomy":"product_tag","embeddable":true,"href":"https:\/\/mishkabutik.ma\/index.php?rest_route=%2Fwp%2Fv2%2Fproduct_tag&post=1000040"}],"curies":[{"name":"wp","href":"https:\/\/api.w.org\/{rel}","templated":true}]}}